{"id":62,"date":"2025-10-13T08:07:58","date_gmt":"2025-10-13T08:07:58","guid":{"rendered":"https:\/\/travelinks.vn\/new\/?page_id=62"},"modified":"2025-12-17T13:42:19","modified_gmt":"2025-12-17T06:42:19","slug":"cam-nang-du-lich","status":"publish","type":"page","link":"https:\/\/travelinks.vn\/new\/cam-nang-du-lich\/","title":{"rendered":"C\u1ea9m nang du l\u1ecbch"},"content":{"rendered":"\n<h2 class=\"gb-text gb-text-1aefa0ea\">C\u1ea9m Nang Du L\u1ecbch Travelink \u2013 H\u00e0nh Trang Cho M\u1ecdi Chuy\u1ebfn \u0110i<\/h2>\n\n\n\n<p class=\"gb-text\">Tr\u01b0\u1edbc m\u1ed7i h\u00e0nh tr\u00ecnh, m\u1ed9t ch\u00fat chu\u1ea9n b\u1ecb s\u1ebd gi\u00fap chuy\u1ebfn \u0111i tr\u1ecdn v\u1eb9n h\u01a1n! <strong>C\u1ea9m nang du l\u1ecbch Travelink<\/strong> mang \u0111\u1ebfn nh\u1eefng th\u00f4ng tin h\u1eefu \u00edch v\u1ec1 \u0111i\u1ec3m \u0111\u1ebfn, th\u1eddi ti\u1ebft, v\u0103n ho\u00e1, \u1ea9m th\u1ef1c v\u00e0 m\u1eb9o du l\u1ecbch an to\u00e0n. D\u00f9 b\u1ea1n l\u00e0 ng\u01b0\u1eddi y\u00eau kh\u00e1m ph\u00e1, \u0111i c\u00f9ng gia \u0111\u00ecnh hay c\u00f4ng t\u00e1c n\u01b0\u1edbc ngo\u00e0i, Travelink lu\u00f4n \u0111\u1ed3ng h\u00e0nh c\u00f9ng b\u1ea1n v\u1edbi nh\u1eefng kinh nghi\u1ec7m th\u1ef1c t\u1ebf v\u00e0 g\u1ee3i \u00fd thi\u1ebft th\u1ef1c.<\/p>\n\n\n\n<div><div class=\"gb-looper-8f2fd42e\">\n<div class=\"gb-loop-item gb-loop-item-e3a458e5 post-4572 post type-post status-publish format-standard hentry category-anh-doan\">\n\n\n<h2 class=\"gb-text gb-text-09c9d6a1\"><a href=\"https:\/\/travelinks.vn\/new\/2025\/11\/21\/tvl-kham-pha-dai-loan-cung-doan-duoc-pham-nam-ha-21-11-2025\/\">[TVL] Kh\u00e1m Ph\u00e1 \u0110\u00e0i Loan c\u00f9ng \u0110o\u00e0n D\u01b0\u1ee3c Ph\u1ea9m Nam H\u00e0 21\/11\/2025<\/a><\/h2>\n\n\n\n<p class=\"gb-text gb-text-cb5d6cb2\">21\/11\/2025<\/p>\n\n\n\n<p class=\"gb-text\">Chuy\u1ebfn h\u00e0nh tr\u00ecnh Kh\u00e1m Ph\u00e1 \u0110\u00e0i Loan c\u1ee7a \u0110o\u00e0n D\u01b0\u1ee3c Ph\u1ea9m Nam H\u00e0 ng\u00e0y 21\/11\/2025 ch\u00ednh th\u1ee9c kh\u1edfi h\u00e0nh, m\u1edf ra tr\u1ea3i nghi\u1ec7m k\u1ebft h\u1ee3p gi\u1eefa tham quan \u2013 giao l\u01b0u \u2013 g\u1eafn k\u1ebft t\u1eadp th\u1ec3 t\u1ea1i m\u1ed9t trong nh\u1eefng \u0111i\u1ec3m \u0111\u1ebfn n\u0103ng \u0111\u1ed9ng v\u00e0 hi\u1ec7n \u0111\u1ea1i c\u1ee7a ch\u00e2u \u00c1. T\u1eeb \u0110\u00e0i B\u1eafc s\u00f4i \u0111\u1ed9ng,<\/p>\n<\/div>\n\n<div class=\"gb-loop-item gb-loop-item-e3a458e5 post-4570 post type-post status-publish format-standard hentry category-anh-doan\">\n\n\n<h2 class=\"gb-text gb-text-09c9d6a1\"><a href=\"https:\/\/travelinks.vn\/new\/2025\/11\/20\/fam-trip-kham-pha-ai-cap-20-11-2025\/\">[FAM TRIP] Kh\u00e1m ph\u00e1 Ai C\u1eadp 20\/11\/2025<\/a><\/h2>\n\n\n\n<p class=\"gb-text gb-text-cb5d6cb2\">20\/11\/2025<\/p>\n\n\n\n<p class=\"gb-text\">\u0110o\u00e0n FAM Trip Travelink ch\u00ednh th\u1ee9c kh\u1edfi h\u00e0nh chuy\u1ebfn Kh\u00e1m Ph\u00e1 Ai C\u1eadp ng\u00e0y 20\/11\/2025, m\u1edf ra h\u00e0nh tr\u00ecnh tr\u1ea3i nghi\u1ec7m v\u00f9ng \u0111\u1ea5t c\u1ee7a nh\u1eefng k\u1ef3 quan v\u0129 \u0111\u1ea1i v\u00e0 n\u1ec1n v\u0103n minh c\u1ed5 \u0111\u1ea1i l\u00e2u \u0111\u1eddi b\u1eadc nh\u1ea5t th\u1ebf gi\u1edbi. T\u1eeb Kim T\u1ef1 Th\u00e1p Giza h\u00f9ng v\u0129, d\u00f2ng s\u00f4ng Nile huy\u1ec1n tho\u1ea1i \u0111\u1ebfn nh\u1eefng<\/p>\n<\/div>\n\n<div class=\"gb-loop-item gb-loop-item-e3a458e5 post-607 post type-post status-publish format-standard has-post-thumbnail hentry category-dien-den-du-lich-quoc-te\">\n<img decoding=\"async\" data-media-id=\"697\" class=\"gb-media-42a285dc\" src=\"https:\/\/drive.google.com\/thumbnail?id=19bp6K1W0OuCQhCsH8TNuYhjKqCdyVpiR&#038;sz=w2048\" alt=\"Arc de Triomphe \u2013 Kh\u1ea3i Ho\u00e0n M\u00f4n, Bi\u1ec3u T\u01b0\u1ee3ng Chi\u1ebfn Th\u1eafng V\u00e0 L\u1ecbch S\u1eed Ph\u00e1p\"\/>\n\n\n\n<h2 class=\"gb-text gb-text-09c9d6a1\"><a href=\"https:\/\/travelinks.vn\/new\/2025\/11\/18\/arc-de-triomphe-khai-hoan-mon-bieu-tuong-chien-thang-va-lich-su-phap\/\">Arc de Triomphe \u2013 Kh\u1ea3i Ho\u00e0n M\u00f4n, Bi\u1ec3u T\u01b0\u1ee3ng Chi\u1ebfn Th\u1eafng V\u00e0 L\u1ecbch S\u1eed Ph\u00e1p<\/a><\/h2>\n\n\n\n<p class=\"gb-text gb-text-cb5d6cb2\">18\/11\/2025<\/p>\n\n\n\n<p class=\"gb-text\">Arc de Triomphe, hay Kh\u1ea3i Ho\u00e0n M\u00f4n, l\u00e0 m\u1ed9t trong nh\u1eefng \u0111\u1ecba danh l\u1ecbch s\u1eed quan tr\u1ecdng nh\u1ea5t Paris, n\u1eb1m t\u1ea1i trung t\u00e2m qu\u1ea3ng tr\u01b0\u1eddng Charles de Gaulle (tr\u01b0\u1edbc \u0111\u00e2y l\u00e0 Place de l&#8217;\u00c9toile). V\u1edbi chi\u1ec1u cao 50 m\u00e9t v\u00e0 r\u1ed9ng 45 m\u00e9t, c\u00f4ng tr\u00ecnh n\u00e0y t\u00f4n vinh c\u00e1c chi\u1ebfn th\u1eafng qu\u00e2n s\u1ef1 c\u1ee7a Ph\u00e1p,<\/p>\n<\/div>\n\n<div class=\"gb-loop-item gb-loop-item-e3a458e5 post-605 post type-post status-publish format-standard hentry category-dien-den-du-lich-quoc-te\">\n\n\n<h2 class=\"gb-text gb-text-09c9d6a1\"><a href=\"https:\/\/travelinks.vn\/new\/2025\/11\/18\/thap-eiffel-bieu-tuong-vinh-cuu-cua-paris-va-nuoc-phap\/\">Th\u00e1p Eiffel \u2013 Bi\u1ec3u T\u01b0\u1ee3ng V\u0129nh C\u1eedu C\u1ee7a Paris V\u00e0 N\u01b0\u1edbc Ph\u00e1p<\/a><\/h2>\n\n\n\n<p class=\"gb-text gb-text-cb5d6cb2\">18\/11\/2025<\/p>\n\n\n\n<p class=\"gb-text\">Th\u00e1p Eiffel, hay Tour Eiffel trong ti\u1ebfng Ph\u00e1p, l\u00e0 m\u1ed9t trong nh\u1eefng c\u00f4ng tr\u00ecnh ki\u1ebfn tr\u00fac n\u1ed5i ti\u1ebfng nh\u1ea5t th\u1ebf gi\u1edbi, bi\u1ec3u t\u01b0\u1ee3ng kh\u00f4ng th\u1ec3 thay th\u1ebf c\u1ee7a Paris v\u00e0 n\u01b0\u1edbc Ph\u00e1p. \u0110\u1ee9ng s\u1eebng s\u1eefng b\u00ean s\u00f4ng Seine, th\u00e1p cao 324 m\u00e9t n\u00e0y thu h\u00fat h\u01a1n 7 tri\u1ec7u du kh\u00e1ch m\u1ed7i n\u0103m, tr\u1edf th\u00e0nh \u0111\u1ecba<\/p>\n<\/div>\n\n<div class=\"gb-loop-item gb-loop-item-e3a458e5 post-603 post type-post status-publish format-standard hentry category-am-thuc-du-lich-quoc-te\">\n\n\n<h2 class=\"gb-text gb-text-09c9d6a1\"><a href=\"https:\/\/travelinks.vn\/new\/2025\/11\/18\/escargot-oc-sen-phap-mon-an-la-mieng-nhung-quyen-ru\/\">Escargot \u2013 \u1ed0c S\u00ean Ph\u00e1p, M\u00f3n \u0102n L\u1ea1 Mi\u1ec7ng Nh\u01b0ng Quy\u1ebfn R\u0169<\/a><\/h2>\n\n\n\n<p class=\"gb-text gb-text-cb5d6cb2\">18\/11\/2025<\/p>\n\n\n\n<p class=\"gb-text\">Escargot, hay \u1ed1c s\u00ean n\u01b0\u1edbng b\u01a1 t\u1ecfi, l\u00e0 m\u00f3n \u0103n \u0111\u1eb7c tr\u01b0ng c\u1ee7a \u1ea9m th\u1ef1c Ph\u00e1p, th\u01b0\u1eddng khi\u1ebfn du kh\u00e1ch ng\u1ea1c nhi\u00ean nh\u01b0ng nhanh ch\u00f3ng b\u1ecb chinh ph\u1ee5c b\u1edfi h\u01b0\u01a1ng v\u1ecb th\u01a1m ngon. M\u1eb7c d\u00f9 nghe c\u00f3 v\u1ebb k\u1ef3 l\u1ea1, escargot \u0111\u00e3 t\u1ed3n t\u1ea1i h\u00e0ng th\u1ebf k\u1ef7 trong \u1ea9m th\u1ef1c ch\u00e2u \u00c2u, v\u00e0 \u1edf Ph\u00e1p,<\/p>\n<\/div>\n\n<div class=\"gb-loop-item gb-loop-item-e3a458e5 post-601 post type-post status-publish format-standard hentry category-am-thuc-du-lich-quoc-te\">\n\n\n<h2 class=\"gb-text gb-text-09c9d6a1\"><a href=\"https:\/\/travelinks.vn\/new\/2025\/11\/18\/foie-gras-mon-an-sang-trong-va-tranh-cai-cua-am-thuc-phap\/\">Foie Gras \u2013 M\u00f3n \u0102n Sang Tr\u1ecdng V\u00e0 Tranh C\u00e3i C\u1ee7a \u1ea8m Th\u1ef1c Ph\u00e1p<\/a><\/h2>\n\n\n\n<p class=\"gb-text gb-text-cb5d6cb2\">18\/11\/2025<\/p>\n\n\n\n<p class=\"gb-text\">Foie gras, hay c\u00f2n g\u1ecdi l\u00e0 gan ng\u1ed7ng v\u1ed7 b\u00e9o, l\u00e0 m\u1ed9t trong nh\u1eefng m\u00f3n \u0103n \u0111\u1eb7c tr\u01b0ng nh\u1ea5t c\u1ee7a \u1ea9m th\u1ef1c Ph\u00e1p, \u0111\u1ea1i di\u1ec7n cho s\u1ef1 tinh t\u1ebf v\u00e0 xa x\u1ec9. Xu\u1ea5t ph\u00e1t t\u1eeb truy\u1ec1n th\u1ed1ng h\u00e0ng ngh\u00ecn n\u0103m, foie gras kh\u00f4ng ch\u1ec9 l\u00e0 th\u1ef1c ph\u1ea9m m\u00e0 c\u00f2n l\u00e0 bi\u1ec3u t\u01b0\u1ee3ng v\u0103n h\u00f3a, th\u01b0\u1eddng<\/p>\n<\/div>\n\n<div class=\"gb-loop-item gb-loop-item-e3a458e5 post-599 post type-post status-publish format-standard hentry category-van-hoa-du-lich-quoc-te\">\n\n\n<h2 class=\"gb-text gb-text-09c9d6a1\"><a href=\"https:\/\/travelinks.vn\/new\/2025\/11\/18\/van-hoa-bieu-tinh-o-paris-truyen-thong-dau-tranh-va-bieu-dat-chinh-tri\/\">V\u0103n H\u00f3a Bi\u1ec3u T\u00ecnh \u1ede Paris \u2013 Truy\u1ec1n Th\u1ed1ng \u0110\u1ea5u Tranh V\u00e0 Bi\u1ec3u \u0110\u1ea1t Ch\u00ednh Tr\u1ecb<\/a><\/h2>\n\n\n\n<p class=\"gb-text gb-text-cb5d6cb2\">18\/11\/2025<\/p>\n\n\n\n<p class=\"gb-text\">Paris, th\u1ee7 \u0111\u00f4 c\u1ee7a Ph\u00e1p, kh\u00f4ng ch\u1ec9 n\u1ed5i ti\u1ebfng v\u1edbi th\u00e1p Eiffel hay b\u1ea3o t\u00e0ng Louvre m\u00e0 c\u00f2n l\u00e0 bi\u1ec3u t\u01b0\u1ee3ng c\u1ee7a v\u0103n h\u00f3a bi\u1ec3u t\u00ecnh. T\u1eeb th\u1ebf k\u1ef7 18 \u0111\u1ebfn nay, th\u00e0nh ph\u1ed1 n\u00e0y \u0111\u00e3 ch\u1ee9ng ki\u1ebfn h\u00e0ng ng\u00e0n cu\u1ed9c bi\u1ec3u t\u00ecnh, t\u1eeb c\u00e1ch m\u1ea1ng l\u1eadt \u0111\u1ed5 ch\u1ebf \u0111\u1ed9 qu\u00e2n ch\u1ee7 \u0111\u1ebfn c\u00e1c phong<\/p>\n<\/div>\n\n<div class=\"gb-loop-item gb-loop-item-e3a458e5 post-597 post type-post status-publish format-standard hentry category-van-hoa-du-lich-quoc-te\">\n\n\n<h2 class=\"gb-text gb-text-09c9d6a1\"><a href=\"https:\/\/travelinks.vn\/new\/2025\/11\/18\/van-hoa-va-nghe-thuat-o-paris-noi-sang-tao-khong-ngung-nghi\/\">V\u0103n H\u00f3a V\u00e0 Ngh\u1ec7 Thu\u1eadt \u1ede Paris \u2013 N\u01a1i S\u00e1ng T\u1ea1o Kh\u00f4ng Ng\u1eebng Ngh\u1ec9<\/a><\/h2>\n\n\n\n<p class=\"gb-text gb-text-cb5d6cb2\">18\/11\/2025<\/p>\n\n\n\n<p class=\"gb-text\">Paris l\u00e0 th\u1ee7 ph\u1ee7 c\u1ee7a v\u0103n h\u00f3a v\u00e0 ngh\u1ec7 thu\u1eadt, thu h\u00fat ngh\u1ec7 s\u0129 t\u1eeb kh\u1eafp n\u01a1i. V\u0103n h\u1ecdc Paris n\u1ed5i b\u1eadt v\u1edbi c\u00e1c t\u00e1c gi\u1ea3 nh\u01b0 Victor Hugo (&#8220;Nh\u00e0 th\u1edd \u0110\u1ee9c B\u00e0 Paris&#8221;), Ernest Hemingway (&#8220;Paris l\u00e0 m\u1ed9t cu\u1ed9c l\u1ec5 h\u1ed9i&#8221;). C\u00e1c qu\u00e1n c\u00e0 ph\u00ea nh\u01b0 Les Deux Magots t\u1eebng l\u00e0 n\u01a1i t\u1ee5 h\u1ecdp<\/p>\n<\/div>\n\n<div class=\"gb-loop-item gb-loop-item-e3a458e5 post-595 post type-post status-publish format-standard hentry category-am-thuc-du-lich-quoc-te\">\n\n\n<h2 class=\"gb-text gb-text-09c9d6a1\"><a href=\"https:\/\/travelinks.vn\/new\/2025\/11\/18\/am-thuc-paris-hanh-trinh-vi-giac-qua-thu-do-phap\/\">\u1ea8m Th\u1ef1c Paris \u2013 H\u00e0nh Tr\u00ecnh V\u1ecb Gi\u00e1c Qua Th\u1ee7 \u0110\u00f4 Ph\u00e1p<\/a><\/h2>\n\n\n\n<p class=\"gb-text gb-text-cb5d6cb2\">18\/11\/2025<\/p>\n\n\n\n<p class=\"gb-text\">\u1ea8m th\u1ef1c Paris l\u00e0 s\u1ef1 k\u1ebft h\u1ee3p ho\u00e0n h\u1ea3o gi\u1eefa truy\u1ec1n th\u1ed1ng v\u00e0 s\u00e1ng t\u1ea1o, khi\u1ebfn th\u00e0nh ph\u1ed1 n\u00e0y tr\u1edf th\u00e0nh thi\u00ean \u0111\u01b0\u1eddng cho c\u00e1c t\u00edn \u0111\u1ed3 \u0103n u\u1ed1ng. B\u1eaft \u0111\u1ea7u t\u1eeb b\u00e1nh m\u00ec baguette, bi\u1ec3u t\u01b0\u1ee3ng c\u1ee7a Ph\u00e1p, \u0111\u01b0\u1ee3c UNESCO c\u00f4ng nh\u1eadn di s\u1ea3n v\u0103n h\u00f3a. Baguette gi\u00f2n tan, th\u01b0\u1eddng \u0103n v\u1edbi ph\u00f4 mai<\/p>\n<\/div>\n\n<div class=\"gb-loop-item gb-loop-item-e3a458e5 post-593 post type-post status-publish format-standard hentry category-dien-den-du-lich-quoc-te\">\n\n\n<h2 class=\"gb-text gb-text-09c9d6a1\"><a href=\"https:\/\/travelinks.vn\/new\/2025\/11\/18\/cac-dia-danh-noi-tieng-o-paris-hanh-trinh-kham-pha-thu-do-phap\/\">C\u00e1c \u0110\u1ecba Danh N\u1ed5i Ti\u1ebfng \u1ede Paris \u2013 H\u00e0nh Tr\u00ecnh Kh\u00e1m Ph\u00e1 Th\u1ee7 \u0110\u00f4 Ph\u00e1p<\/a><\/h2>\n\n\n\n<p class=\"gb-text gb-text-cb5d6cb2\">18\/11\/2025<\/p>\n\n\n\n<p class=\"gb-text\">Paris s\u1edf h\u1eefu v\u00f4 s\u1ed1 \u0111\u1ecba danh n\u1ed5i ti\u1ebfng, khi\u1ebfn du kh\u00e1ch ph\u1ea3i m\u00ea m\u1ea9n. B\u1eaft \u0111\u1ea7u t\u1eeb Th\u00e1p Eiffel, bi\u1ec3u t\u01b0\u1ee3ng c\u1ee7a th\u00e0nh ph\u1ed1, cao 324 m\u00e9t, \u0111\u01b0\u1ee3c x\u00e2y d\u1ef1ng b\u1edfi Gustave Eiffel n\u0103m 1889. Ban \u0111\u1ea7u ch\u1ec9 l\u00e0 c\u00f4ng tr\u00ecnh t\u1ea1m th\u1eddi, nay n\u00f3 thu h\u00fat h\u01a1n 7 tri\u1ec7u l\u01b0\u1ee3t th\u0103m m\u1ed7i n\u0103m.<\/p>\n<\/div>\n<\/div>\n\n\n<div class=\"gb-element-9cc9a460 gb-query-loop-pagination\">\n\n<nav class=\"gb-query-page-numbers-ccdce3d1\"><span aria-current=\"page\" class=\"page-numbers current\">1<\/span>\n<a class=\"page-numbers\" href=\"?query-ea1844f2-page=2\">2<\/a>\n<a class=\"page-numbers\" href=\"?query-ea1844f2-page=3\">3<\/a>\n<a class=\"page-numbers\" href=\"?query-ea1844f2-page=4\">4<\/a>\n<span class=\"page-numbers dots\">&hellip;<\/span>\n<a class=\"page-numbers\" href=\"?query-ea1844f2-page=16\">16<\/a><\/nav>\n\n\n<a class=\"gb-text gb-text-7f53697e\" href=\"\/new\/wp-json\/wp\/v2\/pages\/62?query-ea1844f2-page=2\">Next<\/a>\n<\/div>\n\n\n<\/div>\n","protected":false},"excerpt":{"rendered":"<p>C\u1ea9m Nang Du L\u1ecbch Travelink \u2013 H\u00e0nh Trang Cho M\u1ecdi Chuy\u1ebfn \u0110i Tr\u01b0\u1edbc m\u1ed7i h\u00e0nh tr\u00ecnh, m\u1ed9t ch\u00fat chu\u1ea9n b\u1ecb s\u1ebd gi\u00fap chuy\u1ebfn \u0111i tr\u1ecdn v\u1eb9n h\u01a1n! C\u1ea9m nang du l\u1ecbch Travelink mang \u0111\u1ebfn nh\u1eefng th\u00f4ng tin h\u1eefu \u00edch v\u1ec1 \u0111i\u1ec3m \u0111\u1ebfn, th\u1eddi ti\u1ebft, v\u0103n ho\u00e1, \u1ea9m th\u1ef1c v\u00e0 m\u1eb9o du l\u1ecbch an to\u00e0n. D\u00f9 &#8230; <a title=\"C\u1ea9m nang du l\u1ecbch\" class=\"read-more\" href=\"https:\/\/travelinks.vn\/new\/cam-nang-du-lich\/\" aria-label=\"Read more about C\u1ea9m nang du l\u1ecbch\">Read more<\/a><\/p>\n","protected":false},"author":1,"featured_media":0,"parent":0,"menu_order":0,"comment_status":"closed","ping_status":"closed","template":"","meta":{"apbe_headline":"","apbe_seo_keywords":"","apbe_slug":"","apbe_summary":"","apbe_social":"","footnotes":""},"class_list":["post-62","page","type-page","status-publish"],"_links":{"self":[{"href":"https:\/\/travelinks.vn\/new\/wp-json\/wp\/v2\/pages\/62","targetHints":{"allow":["GET"]}}],"collection":[{"href":"https:\/\/travelinks.vn\/new\/wp-json\/wp\/v2\/pages"}],"about":[{"href":"https:\/\/travelinks.vn\/new\/wp-json\/wp\/v2\/types\/page"}],"author":[{"embeddable":true,"href":"https:\/\/travelinks.vn\/new\/wp-json\/wp\/v2\/users\/1"}],"replies":[{"embeddable":true,"href":"https:\/\/travelinks.vn\/new\/wp-json\/wp\/v2\/comments?post=62"}],"version-history":[{"count":1,"href":"https:\/\/travelinks.vn\/new\/wp-json\/wp\/v2\/pages\/62\/revisions"}],"predecessor-version":[{"id":63,"href":"https:\/\/travelinks.vn\/new\/wp-json\/wp\/v2\/pages\/62\/revisions\/63"}],"wp:attachment":[{"href":"https:\/\/travelinks.vn\/new\/wp-json\/wp\/v2\/media?parent=62"}],"curies":[{"name":"wp","href":"https:\/\/api.w.org\/{rel}","templated":true}]}}